ime factors of 53109623.
7, 7587089
List the prime factors of 74411776.
2, 290671
List the prime factors of 163687783.
7, 509, 6563
What are the prime factors of 246034132?
2, 17, 43, 84143
List the prime factors of 526445899.
7, 75206557
List the prime factors of 394853983.
394853983
List the prime factors of 91543739.
7, 2531, 5167
List the prime factors of 32682636.
2, 3, 7, 17, 2543
What are the prime factors of 28930198?
2, 11, 19, 67, 1033
What are the prime factors of 767101989?
3, 431, 593273
List the prime factors of 1037447849.
4111, 252359
What are the prime factors of 439458450?
2, 3, 5, 2929723
List the prime factors of 255316016.
2, 15957251
What are the prime factors of 1901300148?
2, 3, 11, 1600421
List the prime factors of 13341616.
2, 107, 7793
List the prime factors of 66618028.
2, 19, 23, 1657
What are the prime factors of 1608226?
2, 804113
What are the prime factors of 791633068?
2, 29, 6824423
What are the prime factors of 174608148?
2, 3, 11, 13, 97, 1049
What are the prime factors of 237194221?
11, 21563111
List the prime factors of 108781337.
7, 1811, 8581
List the prime factors of 335852954.
2, 167926477
What are the prime factors of 83906342?
2, 13, 113, 28559
What are the prime factors of 126572230?
2, 5, 12657223
What are the prime factors of 41591606?
2, 7, 103, 28843
List the prime factors of 927842329.
927842329
What are the prime factors of 60360800?
2, 5, 197, 383
What are the prime factors of 69846883?
23, 607, 5003
What are the prime factors of 186677971?
6761, 27611
What are the prime factors of 1595013576?
2, 3, 13, 17, 300719
What are the prime factors of 2028978543?
3, 17, 127, 18427
List the prime factors of 59478206.
2, 17, 1749359
What are the prime factors of 281588815?
5, 6791, 8293
List the prime factors of 63768175.
5, 2550727
List the prime factors of 29915368.
2, 7, 534203
What are the prime factors of 240663491?
479, 502429
What are the prime factors of 1300253511?
3, 2833, 152989
What are the prime factors of 318410211?
3, 7, 79, 191929
What are the prime factors of 75237271?
47, 1600793
What are the prime factors of 64155822?
2, 3, 163, 65599
What are the prime factors of 5924555949?
3, 13, 281, 540611
What are the prime factors of 1552756810?
2, 5, 11, 14115971
What are the prime factors of 2161779061?
13, 61, 941, 2897
List the prime factors of 679566372.
2, 3, 23, 2462197
What are the prime factors of 38888071?
38888071
List the prime factors of 2964584245.
5, 7, 84702407
What are the prime factors of 6064727947?
6064727947
What are the prime factors of 488976111?
3, 13, 1613, 2591
List the prime factors of 315135457.
7, 13, 3463027
List the prime factors of 3099225710.
2, 5, 7, 103, 429851
What are the prime factors of 419437601?
11, 53, 719447
List the prime factors of 100095607.
79, 199, 6367
List the prime factors of 502788654.
2, 3, 9310901
What are the prime factors of 26658576?
2, 3, 7, 53, 499
List the prime factors of 219503813.
17, 29, 71, 6271
What are the prime factors of 2724476660?
2, 5, 53, 83, 173, 179
List the prime factors of 56337672.
2, 3, 23, 102061
List the prime factors of 2300723915.
5, 7, 65734969
What are the prime factors of 41298099?
3, 13766033
What are the prime factors of 302925826?
2, 7, 401, 53959
List the prime factors of 71374566.
2, 3, 23, 517207
List the prime factors of 152686812.
2, 3, 19, 669679
What are the prime factors of 439796081?
71, 79, 89, 881
List the prime factors of 161442265.
5, 31, 1041563
What are the prime factors of 315499028?
2, 13, 19, 31, 10301
What are the prime factors of 462955898?
2, 787, 294127
List the prime factors of 36913834.
2, 17, 311, 3491
What are the prime factors of 89016275?
5, 1783, 1997
What are the prime factors of 306812678?
2, 153406339
List the prime factors of 311645284.
2, 77911321
List the prime factors of 2324632979.
2324632979
List the prime factors of 7563843045.
3, 5, 11, 523, 9739
What are the prime factors of 4313944726?
2, 7, 13, 47, 113, 4463
List the prime factors of 71953202.
2, 113, 318377
List the prime factors of 3012571674.
2, 3, 7, 197, 121367
List the prime factors of 265644934.
2, 227, 293, 1997
List the prime factors of 87948589.
1657, 53077
What are the prime factors of 2933896299?
3, 67, 397, 36767
What are the prime factors of 4055449041?
3, 7, 97, 663631
List the prime factors of 2217300133.
19, 116700007
List the prime factors of 761482867.
761482867
What are the prime factors of 309934861?
29, 10687409
What are the prime factors of 14335602?
2, 3, 1277, 1871
List the prime factors of 49066493.
7, 19, 7529
List the prime factors of 43198381.
19, 2273599
What are the prime factors of 75890395?
5, 7, 2168297
What are the prime factors of 386369673?
3, 1063, 121157
What are the prime factors of 136500996?
2, 3, 11375083
What are the prime factors of 302471565?
3, 5, 11, 17, 9803
List the prime factors of 14168618.
2, 71, 113, 883
List the prime factors of 709059222.
2, 3, 17, 29, 79903
What are the prime factors of 606349488?
2, 3, 37, 223, 1531
List the prime factors of 685731197.
685731197
What are the prime factors of 4993644494?
2, 23, 108557489
List the prime factors of 407911251.
3, 11, 191, 64717
List the prime factors of 76094993.
13, 43, 197, 691
List the prime factors of 1285186265.
5, 11, 71, 397, 829
What are the prime factors of 207109748?
2, 1511, 34267
What are the prime factors of 1079097753?
3, 73, 4927387
List the prime factors of 3792162321.
3, 1787, 235787
List the prime factors of 164826829.
167, 811, 1217
List the prime factors of 206521415.
5, 223, 185221
What are the prime factors of 148293950?
2, 5, 7, 423697
List the prime factors of 1954151780.
2, 5, 7, 293, 47639
What are the prime factors of 157084825?
5, 23, 257, 1063
What are the prime factors of 129166615?
5, 31, 191, 4363
What are the prime factors of 46486063?
13, 103, 149, 233
List the prime factors of 35154900.
2, 3, 5, 11, 53, 67
What are the prime factors of 5683886759?
43, 107, 149, 8291
What are the prime factors of 163989194?
2, 31, 619, 4273
What are the prime factors of 34961161?
313, 111697
What are the prime factors of 5475523675?
5, 4219, 51913
What are the prime factors of 2912013615?
3, 5, 7, 197, 140779
What are the prime factors of 2878857165?
3, 5, 191923811
List the prime factors of 7714650207.
3, 11, 89, 419, 6269
What are the prime factors of 3553062241?
23, 31, 1439, 3463
List the prime factors of 4135254817.
101, 40943117
What are the prime factors of 697471634?
2, 29, 47, 255859
What are the prime factors of 44441646?
2, 3, 19, 389839
List the prime factors of 38083746.
2, 3, 317, 20023
List the prime factors of 2108817614.
2, 3413, 308939
What are the prime factors of 51660919?
29, 137, 13003
List the prime factors of 2084420527.
7, 101, 2948261
List the prime factors of 3819790799.
11, 19, 271, 6131
What are the prime factors of 2240930?
2, 5, 277, 809
List the prime factors of 5865140556.
2, 3, 11, 17, 1553
What are the prime factors of 176577867?
3, 223, 29327
List the prime factors of 251898651.
3, 107, 261577
What are the prime factors of 75383671?
11, 83, 82567
List the prime factors of 264910906.
2, 13, 10188881
What are the prime factors of 127433566?
2, 13, 4901291
What are the prime factors of 4013723729?
31, 129474959
What are the prime factors of 133103767?
433, 307399
List the prime factors of 2197756490.
2, 5, 23, 59, 161957
What are the prime factors of 3276707048?
2, 139, 2946679
List the prime factors of 5776221223.
17, 16193, 20983
List the prime factors of 359434256.
2, 22464641
List the prime factors of 86042720.
2, 5, 113, 4759
List the prime factors of 192405448.
2, 79, 304439
List the prime factors of 18104850.
2, 3, 5, 13411
What are the prime factors of 5734835572?
2, 37, 71, 545759
List the prime factors of 219759922.
2, 599, 183439
List the prime factors of 1351251504.
2, 3, 47, 61, 1091
List the prime factors of 532264873.
7, 23, 317, 10429
What are the prime factors of 18367775?
5, 19, 38669
What are the prime factors of 5647731196?
2, 12071, 116969
What are the prime factors of 30616430?
2, 5, 13, 43, 5477
List the prime factors of 9677441.
19, 47, 10837
What are the prime factors of 1605086852?
2, 881, 455473
List the prime factors of 22520015.